= -7 + 2, -5*w - 2*v = -u. Calculate the remainder when 12 is divided by w.
2
Let x(c) = 4*c**2 + 2*c + 3. What is the remainder when x(-2) is divided by 13?
2
Let q(d) = -8*d + 1 + 0*d**2 - 1 - d**2 - 1. What is the remainder when 17 is divided by q(-7)?
5
Let i(l) = -l**2 - 3*l + 4. Calculate the remainder when 7 is divided by i(-3).
3
Suppose -2*c + y + 84 = 0, 0*c + 5*c - 5*y - 220 = 0. Calculate the remainder when c is divided by 3.
1
Suppose 6*j - j = 375. Suppose 0*y + 38 = 2*y. Suppose -n + j = 5*q, 4*n + 17 = 4*q - y. What is the remainder when 26 is divided by q?
12
Let t = 147 + -94. Let r be (-6)/21 - (-1054)/14. Suppose 5*v - r = 5*b, 0 = -2*v + 4*b + 4 + 28. What is the remainder when t is divided by v?
11
Suppose 3*v - 5*p = -58, 0*p = -2*v - 5*p - 22. Let h = v + 30. Calculate the remainder when 27 is divided by h.
13
Suppose -k + 56 = 3*k. Let j = 30 - k. What is the remainder when 45 is divided by j?
13
Let n(v) = -34*v + 1. Suppose x = 4*x - 12. Suppose -l - 5 = x*l. What is the remainder when n(l) is divided by 18?
17
What is the remainder when (48/2 - 2) + 2 is divided by 7?
3
Suppose -4*z + 35 = -3*z - 5*c, -5*c = -3*z + 155. Suppose 3*o - z = -2*o. Let n(x) = 2*x**2 - 2*x - 5. Calculate the remainder when n(5) is divided by o.
11
Let l(g) = g**3 + 7*g**2 + 5*g + 2. Calculate the remainder when 89 is divided by l(-4).
29
Suppose c = -0*c. Suppose c = -k + 2*k - 5. Let t = -12 + 25. What is the remainder when t is divided by k?
3
Suppose -h = 2*h. Suppose 2*s + 8 = t, h*t - 2*s = 5*t - 40. Suppose -p = 4*z - 3, -2*p = -2*z + 7 - 43. What is the remainder when p is divided by t?
7
Suppose j - 119 = -6*j. What is the remainder when 45 is divided by j?
11
Let a = 38 - 17. Let t = a + -46. Let r = t - -35. What is the remainder when 28 is divided by r?
8
Let f = 33 - -9. Suppose -5*j + f = -2*j. Calculate the remainder when 54 is divided by j.
12
Let n = 0 - -4. Suppose 0 = -n*u - 57 + 181. Calculate the remainder when u is divided by 8.
7
Suppose r = -5*g + 28, 2*r + 3*g - 5*g = 56. Suppose r = 2*l - 2*o, -4*o + 64 = -2*l + 6*l. Let v = -18 - -26. Calculate the remainder when l is divided by v.
7
Suppose -u + 25 = -4*y, 2*y + 53 = 3*u + 2*u. Suppose -5*x + 5 = -j - 6, 0 = x - 3. Calculate the remainder when u is divided by j.
1
Let y(l) = 5*l - 7. Let h be (-2)/(-3)*(7 - -2). Calculate the remainder when 45 is divided by y(h).
22
Suppose 11 = 2*q - 0*q + x, 5 = -5*x. What is the remainder when 16 is divided by q?
4
Suppose -s - 3*s + 3*j + 18 = 0, s + 2*j + 1 = 0. Let o be (2/s)/((-1)/(-75)). Let v = o + -19. Calculate the remainder when v is divided by 11.
9
Suppose 5*u + 0*d + 2*d = 211, -d = -3*u + 120. What is the remainder when u is divided by 11?
8
Calculate the remainder when 90 is divided by 8/52 - -18*(-99)/(-78).
21
Let g = 57 - 52. Calculate the remainder when g is divided by 2.
1
Let x be 4/2*9/(-2). Let q = -4 - x. Suppose 2*l - 4*z = -2*l + 28, 4*l - z = 34. What is the remainder when l is divided by q?
4
Let f(a) = a**2 - 6*a - 6. Let j be f(10). Suppose -4*k + j = q, -2*q + 0*q - 28 = -4*k. Let r = 3 + 2. What is the remainder when k is divided by r?
3
Let z = -4 + -4. Let u(k) = -k**3 - 9*k**2 - 8*k + 4. Let x be u(z). Calculate the remainder when 66/x - (-2)/4 is divided by 6.
5
Suppose 4*g - 5*g + 4*l = 5, -4*g + 2*l = -8. Suppose s + g*n + n = 7, -28 = -4*s - n. Calculate the remainder when 13 is divided by s.
6
Suppose -748 = -3*s - 0*s + 2*d, 2*d = -5*s + 1236. Suppose -4*n + s = -0*n. Calculate the remainder when n is divided by 21.
20
Suppose 35 = -4*z - 85. Suppose -2*c + 7*c = v + 7, 1 = v - 3*c. What is the remainder when v is divided by 1*2*z/(-12)?
3
Let j(o) = o**3 + 8*o**2 + 6*o - 4. What is the remainder when j(-6) is divided by 7?
4
Suppose 6*y - 385 = y - 3*u, -u - 385 = -5*y. Calculate the remainder when y is divided by 10.
7
Suppose -2*h = 2*u - 46, 5*u - 3*h = 77 + 38. Suppose 4*v = l - u, -2*v - 13 - 76 = -3*l. Calculate the remainder when 91 is divided by l.
29
Let z(a) = -3*a**3 - 3*a**2 - 2*a + 2. Let h be z(-2). Suppose h = y - 0*y. What is the remainder when y is divided by 10?
8
Let l(y) = 7*y + 2. Let i be l(5). Let u = i + -13. Calculate the remainder when u is divided by 13.
11
Let d(f) = f**2 + 7*f + 17. Calculate the remainder when 67 is divided by d(-7).
16
Suppose 0*u - 2*u + 32 = 0. What is the remainder when 28 is divided by u?
12
Suppose 4*w + 3*m = 74, 9*m + 10 = 4*m. Calculate the remainder when 37 is divided by w.
17
Let t(m) = m**3 + 6*m**2 + m - 5. Calculate the remainder when t(-4) is divided by 9.
5
Suppose -4 = -3*m + m. Suppose -m*t - 3*t = -30. What is the remainder when (-4)/(-20) + 54/5 is divided by t?
5
Let a = -47 - -53. Calculate the remainder when 39 is divided by a.
3
Let l(t) = t**2 + 6*t - 2. What is the remainder when l(-10) is divided by 14?
10
Suppose 0 = -2*d - 4*c + 72, 3*c - 2 + 14 = 0. Suppose -5*t - 5*i = -65, 0 = -5*t + 2*i - 21 + 100. Calculate the remainder when d is divided by t.
14
Suppose 3*f = -3*c + 2*c + 35, 5 = f - 3*c. Suppose -f = -2*r + 23. Let a(n) = -50*n**3 + n**2 + 2*n + 1. Calculate the remainder when a(-1) is divided by r.
16
Let t = 14 + -7. What is the remainder when (-1)/(-2) - (-357)/14 is divided by t?
5
Let y = -25 + 38. What is the remainder when y is divided by (0 + -6)*(-2)/3?
1
Suppose 2*l - 3 = -3*n + 4, 1 = 3*l - 5*n. Let k(i) = -3*i - 1. Let t be k(-1). Suppose -t*y - 3 = -3*y. Calculate the remainder when y is divided by l.
1
Let d be (-6)/(-4)*(-4)/6. What is the remainder when (0/2)/d + 68 is divided by 23?
22
Let u = -13 + 33. Calculate the remainder when u is divided by 7.
6
Let u(m) = -m**3 - 8*m**2 - 5*m + 4. Calculate the remainder when 131 is divided by u(-8).
43
Let y(v) = -10*v - 32*v - 37*v. What is the remainder when y(-1) is divided by 27?
25
Suppose 5*q - 4*q = 0. Suppose i + 35 = 5*k + 5*i, -4*k + 3*i + 28 = q. What is the remainder when k is divided by 4?
3
Let b be ((-3)/(-2))/(8/(-16)). Let y = b + 5. Suppose 0*r - y*r = -20. What is the remainder when r is divided by 6?
4
Let z = -104 + 182. Calculate the remainder when z is divided by 20.
18
Suppose -3*u = 2*z - 52, z = -3*u - 2*u + 89. Let i = 120 - 67. What is the remainder when i is divided by u?
17
Let t(m) = 14*m**2 + 45*m - 2. Suppose 2*h - 29 = -j, 3*j + 3 = -2*h + 30. What is the remainder when t(-4) is divided by h?
12
Let i = 14 - 20. Let c = -4 - i. Let u = 6 + c. What is the remainder when 22 is divided by u?
6
Let t = -21 + 40. Calculate the remainder when 94 is divided by t.
18
What is the remainder when 105 is divided by (8/(96/9))/(1/48)?
33
Suppose 2*w + w = 0. Suppose w = 4*f + k - 30, 2*f - 4*k + 1 = f. Calculate the remainder when 40 is divided by f/(3/6 + 0).
12
Let j be (-9)/6 - (-1)/2. What is the remainder when j/(-1) + -2 - -3 is divided by 1?
0
Let q(n) = n**3 - 6*n**2 - 12*n + 4. Let g be (8 - 7) + 1 + -1. Suppose g + 7 = o. What is the remainder when q(o) is divided by 19?
17
Let m = -5 - -7. Suppose -4*j + 4*f = 0, -3*j + m*f + 0 = -3. Suppose 5*o - 40 = 3*v, 16 = o - 4*v + 5*v. Calculate the remainder when o is divided by j.
2
Let q = 8 + -3. Suppose 70 = -q*u + 225. Calculate the remainder when u is divided by 16.
15
Let p be 2 - ((-3)/3 - -1). Let k be -1 + p + -2 - -64. Suppose 2*y + k = 5*g + 6*y, -y = 4*g - 46. What is the remainder when g is divided by 4?
3
Let f(m) = -7*m - 2. Suppose g - 2*g + 7 = 0. Let i = -9 + g. Calculate the remainder when 23 is divided by f(i).
11
Suppose -2*h + 3*q - 5 = 2, 4*q = -3*h + 15. Let d = 3 - 1. Suppose -3*n + 1 = -d*n. What is the remainder when h is divided by n?
0
Let m = 12 - 10. Suppose 3*x = h + 2*x - 10, -m*h + 25 = 3*x. What is the remainder when 20 is divided by h?
9
Suppose -3*l = -5*v - 237, v = l - 3*l + 171. Calculate the remainder when l is divided by 17.
16
Let r(q) = -q**2 - 7*q - 10. Let a be r(-5). Suppose a = -c, h + 3*h - 8 = 3*c. Calculate the remainder when h is divided by 1.
0
Let j(m) = m**2 - 13*m - 8. Calculate the remainder when 35 is divided by j(14).
5
What is the remainder when 6*((-76)/(-3))/4 is divided by (-3 + 5)/((-1)/(-5))?
8
Suppose 0 = 3*l - 2*h - 64 + 18, -5*h = -2*l + 49. Let b = l + -17. Let z = 10 + b. Calculate the remainder 